3269.
241, 7109
What are the prime factors of 186390?
2, 3, 5, 19, 109
List the prime factors of 783778.
2, 391889
What are the prime factors of 2047226?
2, 29, 47, 751
What are the prime factors of 89687?
13, 6899
What are the prime factors of 377059?
377059
List the prime factors of 62671.
7, 1279
List the prime factors of 2211128.
2, 23, 61, 197
What are the prime factors of 190772?
2, 37, 1289
What are the prime factors of 6016633?
7, 347, 2477
List the prime factors of 2890486.
2, 271, 5333
What are the prime factors of 174922?
2, 11, 7951
What are the prime factors of 24884262?
2, 3, 13, 19, 29, 193
What are the prime factors of 115531?
13, 8887
List the prime factors of 43987.
43987
What are the prime factors of 10617726?
2, 3, 7, 101, 2503
List the prime factors of 15507366.
2, 3, 7, 17, 37, 587
List the prime factors of 49328.
2, 3083
What are the prime factors of 774723?
3, 258241
What are the prime factors of 632718?
2, 3, 11717
What are the prime factors of 422425?
5, 61, 277
List the prime factors of 2982933.
3, 110479
What are the prime factors of 1138203?
3, 11, 11497
What are the prime factors of 3490723?
659, 5297
List the prime factors of 1784679.
3, 13, 67, 683
What are the prime factors of 121507?
121507
List the prime factors of 1028511.
3, 11, 3463
List the prime factors of 34761.
3, 11587
List the prime factors of 1296218.
2, 7, 11, 19, 443
List the prime factors of 4790988.
2, 3, 31, 53
What are the prime factors of 5546746?
2, 19, 145967
List the prime factors of 274124.
2, 68531
What are the prime factors of 94304?
2, 7, 421
List the prime factors of 9824514.
2, 3, 7, 233917
What are the prime factors of 181333?
149, 1217
What are the prime factors of 15835295?
5, 7, 61, 7417
What are the prime factors of 13324587?
3, 4441529
List the prime factors of 15512965.
5, 13, 41, 5821
List the prime factors of 7137574.
2, 3568787
What are the prime factors of 1705721?
1705721
List the prime factors of 6474018.
2, 3, 29, 1283
List the prime factors of 8897946.
2, 3, 47, 139, 227
List the prime factors of 18897585.
3, 5, 7, 3673
List the prime factors of 259403.
17, 15259
List the prime factors of 12595983.
3, 197, 21313
What are the prime factors of 12346998?
2, 3, 17, 19, 23, 277
What are the prime factors of 951963?
3, 317321
What are the prime factors of 2110487?
593, 3559
What are the prime factors of 156535?
5, 31307
What are the prime factors of 7262909?
7262909
List the prime factors of 12663582.
2, 3, 101, 20897
List the prime factors of 199481.
19, 10499
List the prime factors of 5730717.
3, 17, 313, 359
List the prime factors of 1646322.
2, 3, 89, 3083
What are the prime factors of 524240?
2, 5, 6553
What are the prime factors of 18564633?
3, 419, 547
What are the prime factors of 24502?
2, 12251
What are the prime factors of 615547?
59, 10433
List the prime factors of 25337610.
2, 3, 5, 10427
List the prime factors of 479502.
2, 3, 17, 1567
What are the prime factors of 10607465?
5, 11, 89, 197
What are the prime factors of 333836?
2, 83459
List the prime factors of 2820682.
2, 179, 7879
List the prime factors of 499188.
2, 3, 17, 2447
What are the prime factors of 9838148?
2, 103, 23879
What are the prime factors of 1939577?
19, 31, 37, 89
What are the prime factors of 2459917?
17, 144701
What are the prime factors of 2456045?
5, 409, 1201
What are the prime factors of 2266214?
2, 1009, 1123
What are the prime factors of 1699339?
53, 32063
What are the prime factors of 1312174?
2, 53, 12379
List the prime factors of 789064.
2, 53, 1861
What are the prime factors of 216764?
2, 47, 1153
List the prime factors of 1362912.
2, 3, 14197
List the prime factors of 1381463.
617, 2239
List the prime factors of 821691.
3, 13, 2341
What are the prime factors of 14983147?
223, 67189
List the prime factors of 1093468.
2, 273367
What are the prime factors of 2400129?
3, 266681
What are the prime factors of 2637087?
3, 547, 1607
What are the prime factors of 634069?
37, 17137
What are the prime factors of 2963546?
2, 1481773
What are the prime factors of 647822?
2, 7, 46273
What are the prime factors of 202682?
2, 101341
What are the prime factors of 757504?
2, 11, 269
List the prime factors of 2807969.
2807969
List the prime factors of 303631.
113, 2687
What are the prime factors of 7527484?
2, 53, 35507
List the prime factors of 566190.
2, 3, 5, 233
What are the prime factors of 5932300?
2, 5, 11, 5393
What are the prime factors of 29280?
2, 3, 5, 61
What are the prime factors of 3860858?
2, 1930429
List the prime factors of 3268971.
3, 41, 2953
What are the prime factors of 308306?
2, 154153
What are the prime factors of 1015678?
2, 507839
What are the prime factors of 2155364?
2, 538841
What are the prime factors of 1258211?
1258211
What are the prime factors of 1341379?
13, 103183
List the prime factors of 365821.
359, 1019
What are the prime factors of 447833?
23, 19471
What are the prime factors of 91396?
2, 73, 313
List the prime factors of 10382638.
2, 7, 29, 107, 239
What are the prime factors of 481644?
2, 3, 17, 787
List the prime factors of 317902.
2, 13, 12227
List the prime factors of 8328215.
5, 7, 17, 13997
List the prime factors of 755213.
755213
What are the prime factors of 32800?
2, 5, 41
What are the prime factors of 22902525?
3, 5, 101789
List the prime factors of 261518.
2, 229, 571
List the prime factors of 34415133.
3, 11471711
What are the prime factors of 16090?
2, 5, 1609
What are the prime factors of 698363?
43, 109, 149
What are the prime factors of 1189537?
23, 51719
List the prime factors of 4013777.
41, 223, 439
List the prime factors of 279747.
3, 13, 797
What are the prime factors of 645502?
2, 11, 13, 37, 61
List the prime factors of 383180.
2, 5, 7, 17, 23
What are the prime factors of 21474383?
7, 17, 181, 997
List the prime factors of 10896178.
2, 5448089
List the prime factors of 562826.
2, 11, 25583
List the prime factors of 28301467.
811, 34897
What are the prime factors of 1439180?
2, 5, 227, 317
What are the prime factors of 1768241?
1768241
What are the prime factors of 154203?
3, 7, 1049
What are the prime factors of 497577?
3, 61, 2719
What are the prime factors of 4025302?
2, 19, 105929
List the prime factors of 763040.
2, 5, 19, 251
List the prime factors of 10130407.
7, 79, 2617
What are the prime factors of 12168574?
2, 11, 29, 19073
List the prime factors of 4015004.
2, 7, 19, 7547
List the prime factors of 321056.
2, 79, 127
What are the prime factors of 15753310?
2, 5, 1575331
What are the prime factors of 440172?
2, 3, 12227
List the prime factors of 15988475.
5, 43, 107, 139
List the prime factors of 20291125.
5, 271, 599
What are the prime factors of 7721731?
137, 157, 359
What are the prime factors of 15387?
3, 23, 223
List the prime factors of 274570.
2, 5, 27457
List the prime factors of 16547054.
2, 8273527
List the prime factors of 89927.
19, 4733
What are the prime factors of 49174?
2, 23, 1069
What are the prime factors of 2124?
2, 3, 59
List the prime factors of 95668.
2, 23917
What are the prime factors of 1604947?
29, 55343
What are the prime factors of 385507?
239, 1613
List the prime factors of 16877171.
1801, 9371
What are the prime factors of 2195986?
2, 13, 73, 89
List the prime factors of 15772524.
2, 3, 1314377
List the prime factors of 92177.
92177
List the prime factors of 12876.
2, 3, 29, 37
What are the prime factors of 124895?
5, 24979
What are the prime factors of 897283?
233, 3851
List the prime factors of 2169007.
2169007
List the prime factors of 9029602.
2, 101, 44701
What are the prime factors of 8906239?
8906239
List the prime factors of 38317326.
2, 3, 6386221
List the prime factors of 4376149.
541, 8089
What are the prime factors of 284473?
7, 40639
What are the prime factors of 37068?
2, 3, 3089
List the prime factors of 3462152.
2, 17, 25457
What are the prime factors of 8956927?
7, 1279561
List the prime factors of 501142.
2, 127, 1973
What are the prime factors of 664926?
2, 3, 110821
List the prime factors of 2787022.
2, 7, 28439
What are the prime factors of 1311294?
2, 3, 218549
What are the prime factors of 1358271?
3, 150919
List the prime factors of 17030129.
31, 41, 13399
List the prime factors of 6397832.
2, 7, 19, 859
List th